{"id":22284,"date":"2021-08-04T06:25:17","date_gmt":"2021-08-04T06:25:17","guid":{"rendered":"https:\/\/keenitsolutions.com\/products\/wordpress\/bizup\/?page_id=22284"},"modified":"2025-08-07T18:27:53","modified_gmt":"2025-08-07T15:27:53","slug":"ekibimiz","status":"publish","type":"page","link":"https:\/\/okanlargemicilik.com\/index.php\/ekibimiz\/","title":{"rendered":"Ekibimiz"},"content":{"rendered":"\t\t<div data-elementor-type=\"wp-page\" data-elementor-id=\"22284\" class=\"elementor elementor-22284\">\n\t\t\t\t\t\t<section class=\"elementor-section elementor-top-section elementor-element elementor-element-091870c elementor-section-stretched elementor-section-boxed elementor-section-height-default elementor-section-height-default\" data-id=\"091870c\" data-element_type=\"section\" data-settings=\"{&quot;stretch_section&quot;:&quot;section-stretched&quot;,&quot;background_background&quot;:&quot;classic&quot;}\">\n\t\t\t\t\t\t<div class=\"elementor-container elementor-column-gap-default\">\n\t\t\t\t\t<div class=\"elementor-column elementor-col-50 elementor-top-column elementor-element elementor-element-87b1c31\" data-id=\"87b1c31\" data-element_type=\"column\">\n\t\t\t<div class=\"elementor-widget-wrap elementor-element-populated\">\n\t\t\t\t\t\t<div class=\"elementor-element elementor-element-8086a81 elementor-widget elementor-widget-rs-heading\" data-id=\"8086a81\" data-element_type=\"widget\" data-widget_type=\"rs-heading.default\">\n\t\t\t\t<div class=\"elementor-widget-container\">\n\t\t\t\t\t\n        <div class=\"prelements-heading style4 animate- \">\n        \t<div class=\"title-inner\"> \n\t        \t       \t\t      \t\t\n\t            <h1 class=\"title\"><span class=\"watermark\">Team<\/span>Ekibimiz<\/h1><span class=\"sub-text\">Yap\u0131m A\u015famas\u0131nda<\/span>\t\t\t\t\n\t\t\t\t\t        <\/div>\n\t                <\/div>\n        \t\t\t\t<\/div>\n\t\t\t\t<\/div>\n\t\t\t\t\t<\/div>\n\t\t<\/div>\n\t\t\t\t<div class=\"elementor-column elementor-col-50 elementor-top-column elementor-element elementor-element-0c8bae1\" data-id=\"0c8bae1\" data-element_type=\"column\">\n\t\t\t<div class=\"elementor-widget-wrap\">\n\t\t\t\t\t\t\t<\/div>\n\t\t<\/div>\n\t\t\t\t\t<\/div>\n\t\t<\/section>\n\t\t\t\t<section class=\"elementor-section elementor-top-section elementor-element elementor-element-3dfccb1 elementor-section-stretched elementor-hidden-desktop elementor-hidden-tablet elementor-hidden-mobile elementor-section-boxed elementor-section-height-default elementor-section-height-default\" data-id=\"3dfccb1\" data-element_type=\"section\" data-settings=\"{&quot;stretch_section&quot;:&quot;section-stretched&quot;}\">\n\t\t\t\t\t\t<div class=\"elementor-container elementor-column-gap-default\">\n\t\t\t\t\t<div class=\"elementor-column elementor-col-100 elementor-top-column elementor-element elementor-element-f37d82b\" data-id=\"f37d82b\" data-element_type=\"column\">\n\t\t\t<div class=\"elementor-widget-wrap elementor-element-populated\">\n\t\t\t\t\t\t<div class=\"elementor-element elementor-element-f463867 elementor-widget elementor-widget-rsteam\" data-id=\"f463867\" data-element_type=\"widget\" data-widget_type=\"rsteam.default\">\n\t\t\t\t<div class=\"elementor-widget-container\">\n\t\t\t\t\t<div class=\"rs-team-grid rs-team team-grid-style1 default rsaddon_pro_box\">\n\t<div class=\"row\">\n\t\t \t\n\t\t\t\t\t\n\t\t\t\t<div class=\"col-lg-4 col-md-6 col-xs-1\">\n\t\t\t\t\t<div class=\"team-item\">\n\t\t\t\t\t\t<div class=\"team-inner-wrap\">\n\t\t\t\t\t\t\t<div class=\"image-wrap\">\n\t\t\t\t\t\t\t\t\n\n\t\t\t\t\t\t\t\t\t\t\t\t\t\t\t\t\t<a href=\"https:\/\/okanlargemicilik.com\/index.php\/teams\/mike-jason\/\" >\n\t\t\t\t\t\t\t    \t\t\t\t\t\t\t    \n\t\t\t\t\t\t\t\t\t<img fetchpriority=\"high\" decoding=\"async\" width=\"650\" height=\"650\" src=\"https:\/\/okanlargemicilik.com\/wp-content\/uploads\/team_1.jpg\" class=\"attachment-full size-full wp-post-image\" alt=\"\" srcset=\"https:\/\/okanlargemicilik.com\/wp-content\/uploads\/team_1.jpg 650w, https:\/\/okanlargemicilik.com\/wp-content\/uploads\/team_1-300x300.jpg 300w, https:\/\/okanlargemicilik.com\/wp-content\/uploads\/team_1-150x150.jpg 150w, https:\/\/okanlargemicilik.com\/wp-content\/uploads\/team_1-500x500.jpg 500w, https:\/\/okanlargemicilik.com\/wp-content\/uploads\/team_1-100x100.jpg 100w\" sizes=\"(max-width: 650px) 100vw, 650px\" \/>\t\t\t\t\t\t\t\t<\/a>\n\t\t\t\t\t\t\t\t\t\t\t\t\t\t\t\t\t<div class=\"social-icons1\">\n\t\t\t\t\t\t\t\t\t\t<a href=\"#\" class=\"social-icon\"><i class=\"fab fa-facebook-f\"><\/i><\/a> <a href=\"#\" class=\"social-icon\"><i class=\"fab fa-instagram\"><\/i><\/a> <a href=\"#\" class=\"social-icon\"><i class=\"fab fa-x-twitter\"><\/i><\/a><a href=\"#\" class=\"social-icon\"><i class=\"fab fa-linkedin-in\"><\/i><\/a>\t\t\t\t\t\t\t        <\/div>\n\t\t\t\t\t\t\t        \n\t\t\t\t\t\t\t<\/div>\t\n\t\t\t\t\t\t\t<div class=\"team-content\">\n\t\t\t\t\t\t\t  <h3 class=\"team-name\">\n\t\t\t\t\t\t\t  \t\t\t\t\t\t\t\t\t\t<a href=\"https:\/\/okanlargemicilik.com\/index.php\/teams\/mike-jason\/\" >\n\t\t\t\t\t\t\t    \n\t\t\t\t\t\t\t  \tMike jason<\/a><\/h3>\n\t\t\t\t\t\t\t  <span class=\"team-title\">Business Advisor<\/span>\n\t\t\t\t\t\t\t<\/div>\t\t\t\t\t\n\t\t\t\t  \t\t<\/div>\n\t\t\t  \t\t<\/div>\n\t\t\t\t<\/div>\n\n\t\t\t\t<!-- Hidden PupupBox Text -->\n\n\t\t\t\t\n\t\t\t\t<div id=\"rs_popupBox_1399196\" class=\"rspopup_style1 mfp-with-anim mfp-hide\" >\n\t\t\t\t\t<div class=\"row\">\n\t\t\t\t\t\t<div class=\"col-md-5\">\n\t\t\t\t\t\t\t<div class=\"rsteam_img\">\n\t\t\t\t\t\t\t\t<img fetchpriority=\"high\" decoding=\"async\" width=\"650\" height=\"650\" src=\"https:\/\/okanlargemicilik.com\/wp-content\/uploads\/team_1.jpg\" class=\"attachment-full size-full wp-post-image\" alt=\"\" srcset=\"https:\/\/okanlargemicilik.com\/wp-content\/uploads\/team_1.jpg 650w, https:\/\/okanlargemicilik.com\/wp-content\/uploads\/team_1-300x300.jpg 300w, https:\/\/okanlargemicilik.com\/wp-content\/uploads\/team_1-150x150.jpg 150w, https:\/\/okanlargemicilik.com\/wp-content\/uploads\/team_1-500x500.jpg 500w, https:\/\/okanlargemicilik.com\/wp-content\/uploads\/team_1-100x100.jpg 100w\" sizes=\"(max-width: 650px) 100vw, 650px\" \/>\t\n\t\t\t\t\t  \t\t<\/div>\n\t\t\t\t\t\t<\/div>\n\t\t\t\t\t\t<div class=\"col-md-7\">\n\t\t\t\t\t\t\t<div class=\"rsteam_content\">\n\t\t\t\t\t\t\t\t<div class=\"team-content\">\n\t\t\t\t\t\t\t\t\t<div class=\"team-heading\">\n\n\t\t\t\t\t\t\t\t\t  \t<h3 class=\"team-name\" >Mike jason<\/h3>\n\t\t\t\t\t\t\t\t\t  \t<span class=\"team-title\" >Business Advisor<\/span>\n\t\t\t\t\t\t\t\t\t<\/div> \n\t\t\t\t\t\t\t\t\t\t\t\t\t\t\t\t\t\t<div class=\"team-des\" >\n\t\t\t\t\t\t\t\t\t  \tBring to the table win-win survival strategies to ensure proactive domination. At the end of the day, going forward, a new normal that has evolved from generation X is on the runway heading towards a streamlined cloud solution. User generated content in real-time will have multiple touchpoints for offshoring. Capitalize on low hanging fruit to identify a ballpark value added activity to beta test. Override the digital divide with additional clickthroughs from DevOps. Nanotechnology immersion along the information highway will close the loop on focusing solely on the bottom line.\r\n\r\nPodcasting operational change management inside of workflows to establish a framework. Taking seamless key performance indicators offline to maximise the long tail. Keeping your eye on the ball while performing a deep dive on the start-up mentality to derive convergence on cross-platform integration.\t\t\t\t\t\t\t\t\t<\/div>\n\t\t\t\t\t\t\t\t\t\n\n\t\t\t\t\t\t\t\t\t\t\t\t\t\t\t\t\t\t<div class=\"contact-info\">\n\t\t\t\t\t\t\t\t\t\t<ul>\n\t\t\t\t\t\t\t\t\t\t\t\t\t\t\t\t\t\t\t\t\t\t\t<li ><span>Phone: <\/span>(123) - 222 -1452<\/li>\n\t\t\t\t\t\t\t\t\t\t\t\n\t\t\t\t\t\t\t\t\t\t\t\t\t\t\t\t\t\t\t\t\t\t\t<li ><span>Email: <\/span><a href=\"maliha@rstheme.com\">maliha@rstheme.com<\/a><\/li>\n\t\t\t\t\t\t\t\t\t\t\t\t\t\t\t\t\t\t\t\t\t<\/ul>\n\t\t\t\t\t\t\t\t\t<\/div>\n\t\t\t\t\t\t\t\t\t\n\t\t\t\t\t\t\t\t\t\t\t\t\t\t\t\t\t  \t<div class=\"rs-social-icons\">\n\t\t\t\t\t\t\t\t\t\t<div class=\"social-icons1\">\n\t\t\t\t\t\t\t\t\t\t\t<a href=\"#\" class=\"social-icon\"><i class=\"fab fa-facebook-f\"><\/i><\/a> <a href=\"#\" class=\"social-icon\"><i class=\"fab fa-instagram\"><\/i><\/a> <a href=\"#\" class=\"social-icon\"><i class=\"fab fa-x-twitter\"><\/i><\/a><a href=\"#\" class=\"social-icon\"><i class=\"fab fa-linkedin-in\"><\/i><\/a>\t\t\t\t\t\t\t\t        <\/div>\n\t\t\t\t\t\t\t\t  \t<\/div>\n\t\t\t\t\t\t\t\t  \t \n\t\t\t\t\t\t\t\t<\/div>\n\t\t\t\t\t\t\t<\/div>\n\t\t\t\t\t\t<\/div>\n\t\t\t\t\t<\/div>\n\t\t\t\t<\/div>\n\n\t\t\t\t\n\t\t\t\t\t\n\t\t\t\t<div class=\"col-lg-4 col-md-6 col-xs-1\">\n\t\t\t\t\t<div class=\"team-item\">\n\t\t\t\t\t\t<div class=\"team-inner-wrap\">\n\t\t\t\t\t\t\t<div class=\"image-wrap\">\n\t\t\t\t\t\t\t\t\n\n\t\t\t\t\t\t\t\t\t\t\t\t\t\t\t\t\t<a href=\"https:\/\/okanlargemicilik.com\/index.php\/teams\/francis-ibikunle\/\" >\n\t\t\t\t\t\t\t    \t\t\t\t\t\t\t    \n\t\t\t\t\t\t\t\t\t<img decoding=\"async\" width=\"650\" height=\"650\" src=\"https:\/\/okanlargemicilik.com\/wp-content\/uploads\/team_2.jpg\" class=\"attachment-full size-full wp-post-image\" alt=\"\" srcset=\"https:\/\/okanlargemicilik.com\/wp-content\/uploads\/team_2.jpg 650w, https:\/\/okanlargemicilik.com\/wp-content\/uploads\/team_2-300x300.jpg 300w, https:\/\/okanlargemicilik.com\/wp-content\/uploads\/team_2-150x150.jpg 150w, https:\/\/okanlargemicilik.com\/wp-content\/uploads\/team_2-500x500.jpg 500w, https:\/\/okanlargemicilik.com\/wp-content\/uploads\/team_2-100x100.jpg 100w\" sizes=\"(max-width: 650px) 100vw, 650px\" \/>\t\t\t\t\t\t\t\t<\/a>\n\t\t\t\t\t\t\t\t\t\t\t\t\t\t\t\t\t<div class=\"social-icons1\">\n\t\t\t\t\t\t\t\t\t\t<a href=\"#\" class=\"social-icon\"><i class=\"fab fa-facebook-f\"><\/i><\/a> <a href=\"#\" class=\"social-icon\"><i class=\"fab fa-instagram\"><\/i><\/a> <a href=\"#\" class=\"social-icon\"><i class=\"fab fa-x-twitter\"><\/i><\/a><a href=\"#\" class=\"social-icon\"><i class=\"fab fa-linkedin-in\"><\/i><\/a>\t\t\t\t\t\t\t        <\/div>\n\t\t\t\t\t\t\t        \n\t\t\t\t\t\t\t<\/div>\t\n\t\t\t\t\t\t\t<div class=\"team-content\">\n\t\t\t\t\t\t\t  <h3 class=\"team-name\">\n\t\t\t\t\t\t\t  \t\t\t\t\t\t\t\t\t\t<a href=\"https:\/\/okanlargemicilik.com\/index.php\/teams\/francis-ibikunle\/\" >\n\t\t\t\t\t\t\t    \n\t\t\t\t\t\t\t  \tFrancis ibikunle<\/a><\/h3>\n\t\t\t\t\t\t\t  <span class=\"team-title\">Senior Consultant<\/span>\n\t\t\t\t\t\t\t<\/div>\t\t\t\t\t\n\t\t\t\t  \t\t<\/div>\n\t\t\t  \t\t<\/div>\n\t\t\t\t<\/div>\n\n\t\t\t\t<!-- Hidden PupupBox Text -->\n\n\t\t\t\t\n\t\t\t\t<div id=\"rs_popupBox_2818512\" class=\"rspopup_style1 mfp-with-anim mfp-hide\" >\n\t\t\t\t\t<div class=\"row\">\n\t\t\t\t\t\t<div class=\"col-md-5\">\n\t\t\t\t\t\t\t<div class=\"rsteam_img\">\n\t\t\t\t\t\t\t\t<img decoding=\"async\" width=\"650\" height=\"650\" src=\"https:\/\/okanlargemicilik.com\/wp-content\/uploads\/team_2.jpg\" class=\"attachment-full size-full wp-post-image\" alt=\"\" srcset=\"https:\/\/okanlargemicilik.com\/wp-content\/uploads\/team_2.jpg 650w, https:\/\/okanlargemicilik.com\/wp-content\/uploads\/team_2-300x300.jpg 300w, https:\/\/okanlargemicilik.com\/wp-content\/uploads\/team_2-150x150.jpg 150w, https:\/\/okanlargemicilik.com\/wp-content\/uploads\/team_2-500x500.jpg 500w, https:\/\/okanlargemicilik.com\/wp-content\/uploads\/team_2-100x100.jpg 100w\" sizes=\"(max-width: 650px) 100vw, 650px\" \/>\t\n\t\t\t\t\t  \t\t<\/div>\n\t\t\t\t\t\t<\/div>\n\t\t\t\t\t\t<div class=\"col-md-7\">\n\t\t\t\t\t\t\t<div class=\"rsteam_content\">\n\t\t\t\t\t\t\t\t<div class=\"team-content\">\n\t\t\t\t\t\t\t\t\t<div class=\"team-heading\">\n\n\t\t\t\t\t\t\t\t\t  \t<h3 class=\"team-name\" >Francis ibikunle<\/h3>\n\t\t\t\t\t\t\t\t\t  \t<span class=\"team-title\" >Senior Consultant<\/span>\n\t\t\t\t\t\t\t\t\t<\/div> \n\t\t\t\t\t\t\t\t\t\t\t\t\t\t\t\t\t\t<div class=\"team-des\" >\n\t\t\t\t\t\t\t\t\t  \tBring to the table win-win survival strategies to ensure proactive domination. At the end of the day, going forward, a new normal that has evolved from generation X is on the runway heading towards a streamlined cloud solution. User generated content in real-time will have multiple touchpoints for offshoring. Capitalize on low hanging fruit to identify a ballpark value added activity to beta test. Override the digital divide with additional clickthroughs from DevOps. Nanotechnology immersion along the information highway will close the loop on focusing solely on the bottom line.\r\n\r\nPodcasting operational change management inside of workflows to establish a framework. Taking seamless key performance indicators offline to maximise the long tail. Keeping your eye on the ball while performing a deep dive on the start-up mentality to derive convergence on cross-platform integration.\t\t\t\t\t\t\t\t\t<\/div>\n\t\t\t\t\t\t\t\t\t\n\n\t\t\t\t\t\t\t\t\t\t\t\t\t\t\t\t\t\t<div class=\"contact-info\">\n\t\t\t\t\t\t\t\t\t\t<ul>\n\t\t\t\t\t\t\t\t\t\t\t\t\t\t\t\t\t\t\t\t\t\t\t<li ><span>Phone: <\/span>(123) - 222 -1452<\/li>\n\t\t\t\t\t\t\t\t\t\t\t\n\t\t\t\t\t\t\t\t\t\t\t\t\t\t\t\t\t\t\t\t\t\t\t<li ><span>Email: <\/span><a href=\"lance@rstheme.com\">lance@rstheme.com<\/a><\/li>\n\t\t\t\t\t\t\t\t\t\t\t\t\t\t\t\t\t\t\t\t\t<\/ul>\n\t\t\t\t\t\t\t\t\t<\/div>\n\t\t\t\t\t\t\t\t\t\n\t\t\t\t\t\t\t\t\t\t\t\t\t\t\t\t\t  \t<div class=\"rs-social-icons\">\n\t\t\t\t\t\t\t\t\t\t<div class=\"social-icons1\">\n\t\t\t\t\t\t\t\t\t\t\t<a href=\"#\" class=\"social-icon\"><i class=\"fab fa-facebook-f\"><\/i><\/a> <a href=\"#\" class=\"social-icon\"><i class=\"fab fa-instagram\"><\/i><\/a> <a href=\"#\" class=\"social-icon\"><i class=\"fab fa-x-twitter\"><\/i><\/a><a href=\"#\" class=\"social-icon\"><i class=\"fab fa-linkedin-in\"><\/i><\/a>\t\t\t\t\t\t\t\t        <\/div>\n\t\t\t\t\t\t\t\t  \t<\/div>\n\t\t\t\t\t\t\t\t  \t \n\t\t\t\t\t\t\t\t<\/div>\n\t\t\t\t\t\t\t<\/div>\n\t\t\t\t\t\t<\/div>\n\t\t\t\t\t<\/div>\n\t\t\t\t<\/div>\n\n\t\t\t\t\n\t\t\t\t\t\n\t\t\t\t<div class=\"col-lg-4 col-md-6 col-xs-1\">\n\t\t\t\t\t<div class=\"team-item\">\n\t\t\t\t\t\t<div class=\"team-inner-wrap\">\n\t\t\t\t\t\t\t<div class=\"image-wrap\">\n\t\t\t\t\t\t\t\t\n\n\t\t\t\t\t\t\t\t\t\t\t\t\t\t\t\t\t<a href=\"https:\/\/okanlargemicilik.com\/index.php\/teams\/ara-gates\/\" >\n\t\t\t\t\t\t\t    \t\t\t\t\t\t\t    \n\t\t\t\t\t\t\t\t\t<img decoding=\"async\" width=\"650\" height=\"650\" src=\"https:\/\/okanlargemicilik.com\/wp-content\/uploads\/team_3.jpg\" class=\"attachment-full size-full wp-post-image\" alt=\"\" srcset=\"https:\/\/okanlargemicilik.com\/wp-content\/uploads\/team_3.jpg 650w, https:\/\/okanlargemicilik.com\/wp-content\/uploads\/team_3-300x300.jpg 300w, https:\/\/okanlargemicilik.com\/wp-content\/uploads\/team_3-150x150.jpg 150w, https:\/\/okanlargemicilik.com\/wp-content\/uploads\/team_3-500x500.jpg 500w, https:\/\/okanlargemicilik.com\/wp-content\/uploads\/team_3-100x100.jpg 100w\" sizes=\"(max-width: 650px) 100vw, 650px\" \/>\t\t\t\t\t\t\t\t<\/a>\n\t\t\t\t\t\t\t\t\t\t\t\t\t\t\t\t\t<div class=\"social-icons1\">\n\t\t\t\t\t\t\t\t\t\t<a href=\"#\" class=\"social-icon\"><i class=\"fab fa-facebook-f\"><\/i><\/a> <a href=\"#\" class=\"social-icon\"><i class=\"fab fa-instagram\"><\/i><\/a> <a href=\"#\" class=\"social-icon\"><i class=\"fab fa-x-twitter\"><\/i><\/a><a href=\"#\" class=\"social-icon\"><i class=\"fab fa-linkedin-in\"><\/i><\/a>\t\t\t\t\t\t\t        <\/div>\n\t\t\t\t\t\t\t        \n\t\t\t\t\t\t\t<\/div>\t\n\t\t\t\t\t\t\t<div class=\"team-content\">\n\t\t\t\t\t\t\t  <h3 class=\"team-name\">\n\t\t\t\t\t\t\t  \t\t\t\t\t\t\t\t\t\t<a href=\"https:\/\/okanlargemicilik.com\/index.php\/teams\/ara-gates\/\" >\n\t\t\t\t\t\t\t    \n\t\t\t\t\t\t\t  \tAra gates<\/a><\/h3>\n\t\t\t\t\t\t\t  <span class=\"team-title\">Finance Consultant<\/span>\n\t\t\t\t\t\t\t<\/div>\t\t\t\t\t\n\t\t\t\t  \t\t<\/div>\n\t\t\t  \t\t<\/div>\n\t\t\t\t<\/div>\n\n\t\t\t\t<!-- Hidden PupupBox Text -->\n\n\t\t\t\t\n\t\t\t\t<div id=\"rs_popupBox_2538030\" class=\"rspopup_style1 mfp-with-anim mfp-hide\" >\n\t\t\t\t\t<div class=\"row\">\n\t\t\t\t\t\t<div class=\"col-md-5\">\n\t\t\t\t\t\t\t<div class=\"rsteam_img\">\n\t\t\t\t\t\t\t\t<img decoding=\"async\" width=\"650\" height=\"650\" src=\"https:\/\/okanlargemicilik.com\/wp-content\/uploads\/team_3.jpg\" class=\"attachment-full size-full wp-post-image\" alt=\"\" srcset=\"https:\/\/okanlargemicilik.com\/wp-content\/uploads\/team_3.jpg 650w, https:\/\/okanlargemicilik.com\/wp-content\/uploads\/team_3-300x300.jpg 300w, https:\/\/okanlargemicilik.com\/wp-content\/uploads\/team_3-150x150.jpg 150w, https:\/\/okanlargemicilik.com\/wp-content\/uploads\/team_3-500x500.jpg 500w, https:\/\/okanlargemicilik.com\/wp-content\/uploads\/team_3-100x100.jpg 100w\" sizes=\"(max-width: 650px) 100vw, 650px\" \/>\t\n\t\t\t\t\t  \t\t<\/div>\n\t\t\t\t\t\t<\/div>\n\t\t\t\t\t\t<div class=\"col-md-7\">\n\t\t\t\t\t\t\t<div class=\"rsteam_content\">\n\t\t\t\t\t\t\t\t<div class=\"team-content\">\n\t\t\t\t\t\t\t\t\t<div class=\"team-heading\">\n\n\t\t\t\t\t\t\t\t\t  \t<h3 class=\"team-name\" >Ara gates<\/h3>\n\t\t\t\t\t\t\t\t\t  \t<span class=\"team-title\" >Finance Consultant<\/span>\n\t\t\t\t\t\t\t\t\t<\/div> \n\t\t\t\t\t\t\t\t\t\t\t\t\t\t\t\t\t\t<div class=\"team-des\" >\n\t\t\t\t\t\t\t\t\t  \tBring to the table win-win survival strategies to ensure proactive domination. At the end of the day, going forward, a new normal that has evolved from generation X is on the runway heading towards a streamlined cloud solution. User generated content in real-time will have multiple touchpoints for offshoring. Capitalize on low hanging fruit to identify a ballpark value added activity to beta test. Override the digital divide with additional clickthroughs from DevOps. Nanotechnology immersion along the information highway will close the loop on focusing solely on the bottom line.\r\n\r\nPodcasting operational change management inside of workflows to establish a framework. Taking seamless key performance indicators offline to maximise the long tail. Keeping your eye on the ball while performing a deep dive on the start-up mentality to derive convergence on cross-platform integration.\t\t\t\t\t\t\t\t\t<\/div>\n\t\t\t\t\t\t\t\t\t\n\n\t\t\t\t\t\t\t\t\t\t\t\t\t\t\t\t\t\t<div class=\"contact-info\">\n\t\t\t\t\t\t\t\t\t\t<ul>\n\t\t\t\t\t\t\t\t\t\t\t\t\t\t\t\t\t\t\t\t\t\t\t<li ><span>Phone: <\/span>(123) - 222 -1452<\/li>\n\t\t\t\t\t\t\t\t\t\t\t\n\t\t\t\t\t\t\t\t\t\t\t\t\t\t\t\t\t\t\t\t\t\t\t<li ><span>Email: <\/span><a href=\"ara@rstheme.com\">ara@rstheme.com<\/a><\/li>\n\t\t\t\t\t\t\t\t\t\t\t\t\t\t\t\t\t\t\t\t\t<\/ul>\n\t\t\t\t\t\t\t\t\t<\/div>\n\t\t\t\t\t\t\t\t\t\n\t\t\t\t\t\t\t\t\t\t\t\t\t\t\t\t\t  \t<div class=\"rs-social-icons\">\n\t\t\t\t\t\t\t\t\t\t<div class=\"social-icons1\">\n\t\t\t\t\t\t\t\t\t\t\t<a href=\"#\" class=\"social-icon\"><i class=\"fab fa-facebook-f\"><\/i><\/a> <a href=\"#\" class=\"social-icon\"><i class=\"fab fa-instagram\"><\/i><\/a> <a href=\"#\" class=\"social-icon\"><i class=\"fab fa-x-twitter\"><\/i><\/a><a href=\"#\" class=\"social-icon\"><i class=\"fab fa-linkedin-in\"><\/i><\/a>\t\t\t\t\t\t\t\t        <\/div>\n\t\t\t\t\t\t\t\t  \t<\/div>\n\t\t\t\t\t\t\t\t  \t \n\t\t\t\t\t\t\t\t<\/div>\n\t\t\t\t\t\t\t<\/div>\n\t\t\t\t\t\t<\/div>\n\t\t\t\t\t<\/div>\n\t\t\t\t<\/div>\n\n\t\t\t\t  \n\t<\/div>\n<\/div>\t\t\t\t<\/div>\n\t\t\t\t<\/div>\n\t\t\t\t\t<\/div>\n\t\t<\/div>\n\t\t\t\t\t<\/div>\n\t\t<\/section>\n\t\t\t\t<\/div>\n\t\t","protected":false},"excerpt":{"rendered":"<p>TeamEkibimiz Yap\u0131m A\u015famas\u0131nda Mike jason Business Advisor Mike jason Business Advisor Bring to the table win-win survival strategies to ensure proactive domination. At the end of the day, going forward, a new normal that has evolved from generation X is on the runway heading towards a streamlined cloud solution. User generated content in real-time will&#8230;<\/p>\n","protected":false},"author":1,"featured_media":0,"parent":0,"menu_order":0,"comment_status":"closed","ping_status":"closed","template":"","meta":{"footnotes":""},"class_list":["post-22284","page","type-page","status-publish","hentry"],"_links":{"self":[{"href":"https:\/\/okanlargemicilik.com\/index.php\/wp-json\/wp\/v2\/pages\/22284","targetHints":{"allow":["GET"]}}],"collection":[{"href":"https:\/\/okanlargemicilik.com\/index.php\/wp-json\/wp\/v2\/pages"}],"about":[{"href":"https:\/\/okanlargemicilik.com\/index.php\/wp-json\/wp\/v2\/types\/page"}],"author":[{"embeddable":true,"href":"https:\/\/okanlargemicilik.com\/index.php\/wp-json\/wp\/v2\/users\/1"}],"replies":[{"embeddable":true,"href":"https:\/\/okanlargemicilik.com\/index.php\/wp-json\/wp\/v2\/comments?post=22284"}],"version-history":[{"count":8,"href":"https:\/\/okanlargemicilik.com\/index.php\/wp-json\/wp\/v2\/pages\/22284\/revisions"}],"predecessor-version":[{"id":27799,"href":"https:\/\/okanlargemicilik.com\/index.php\/wp-json\/wp\/v2\/pages\/22284\/revisions\/27799"}],"wp:attachment":[{"href":"https:\/\/okanlargemicilik.com\/index.php\/wp-json\/wp\/v2\/media?parent=22284"}],"curies":[{"name":"wp","href":"https:\/\/api.w.org\/{rel}","templated":true}]}}